 prime factors of t(u)?
2, 13
What are the prime factors of (1 - 0)*(11 - -6)?
17
Suppose -k - 8 = -3*k. Let r(o) = o**3 + 2*o + 0*o**2 + 4 + 2*o - 4*o**2. List the prime factors of r(k).
2, 5
Suppose -3*p = -2*a + 4*a - 28, 5*a - 13 = 2*p. List the prime factors of p.
2, 3
Let c(q) = 3 - 2 - q + 2 + 4*q. What are the prime factors of c(7)?
2, 3
Let u(h) be the first derivative of -h**4/4 - 8*h**3/3 - h**2/2 - 7*h - 1. Let i be u(-8). What are the prime factors of -7*(1 - 2)*i?
7
List the prime factors of -8*(-33)/12*2.
2, 11
Suppose h - 2*h = -4. Suppose -h = 3*q + p, 2*p - 8 = 4*p. Suppose q*t + t - 2*w = 13, 4*t = -2*w + 32. List the prime factors of t.
3
Suppose -6 = o + 2. Let l = -4 - o. Suppose 56 = l*d + 16. List the prime factors of d.
2, 5
Suppose 28 = -4*r + 152. What are the prime factors of r?
31
Let o(w) = w**2 - 13*w + 5. Let z be o(13). Let n be (-2)/7 + (-4)/(-14). Suppose n = 5*c - 35 + z. List the prime factors of c.
2, 3
Let a(z) = z**3 + 4*z**2 - z - 2. Let r(p) = p**3 + 8*p**2 + 8*p + 7. Let x be r(-7). Suppose k = -x - 3. List the prime factors of a(k).
2, 5
Suppose -3*a = 4*l - 10 - 142, 2*l - 3*a = 58. What are the prime factors of l?
5, 7
Let i be (-2)/4 - 27/(-6). Let l(b) = b**3 + 11*b**2 + 11*b + 10. Let k be l(-10). Suppose k*g + i = g. What are the prime factors of g?
2
Suppose 438 = 6*g - 282. What are the prime factors of g?
2, 3, 5
Let v(o) be the second derivative of o**4/12 + o**3/6 - 3*o**2/2 - o. Suppose l + 2*d = -2 + 1, 5*d = 2*l + 11. What are the prime factors of v(l)?
3
Let g(y) = -y**2 + 8*y - 5. Let a be g(7). Suppose -a*m - 2*f + 76 = 2*f, 4*f = 3*m - 74. What are the prime factors of m?
2, 3, 5
Let u = -4 - -12. Let k = u + -2. Let l(z) = z. What are the prime factors of l(k)?
2, 3
Suppose 3 = 4*j - 9. What are the prime factors of j?
3
Suppose 22*a - 18*a + 672 = 0. What are the prime factors of (-1 - 0) + a/(-7)?
23
Let n be 595/(-65) - 2 - 4/(-26). Let r = 27 - 45. Let i = n - r. What are the prime factors of i?
7
Let r be ((-6)/9)/(1/15). Let v = -7 - r. Suppose 5*g = 2*p + 40, v*p = -g + 3*g - 5. What are the prime factors of g?
2, 5
Let h(k) = 33*k**3 - 2*k**2 + 3*k - 1. List the prime factors of h(1).
3, 11
List the prime factors of (2 + 117/27)*3*1.
19
Let f = 12 - 4. Suppose 7*g = f*g - 10. What are the prime factors of g?
2, 5
Suppose -64 = -k + 3*u, 376 = 5*k - 0*u - u. What are the prime factors of k?
2, 19
Let l = -10 + 16. List the prime factors of (12/(-21))/(l/(-21)).
2
Let b be (-3)/6 + (-46)/(-4). Let n = b - 20. List the prime factors of -1 + 18 - n/(-3).
2, 7
Let w(d) = 37*d**3 + d. Let x be w(1). Let i = x + -18. What are the prime factors of i?
2, 5
Let b(n) = 4*n**2 + 2*n + 168. List the prime factors of b(0).
2, 3, 7
Let u(m) = m + 10. Suppose -3*a + 2*a - 6 = 0. List the prime factors of u(a).
2
Suppose 4*c - 7*h - 17 = -2*h, c = 4*h + 7. Let z(r) = 2*r - 3. Let l be z(c). Suppose 6 = -l*v + 21. What are the prime factors of v?
5
Suppose -4*t + d + 40 = -d, -12 = -4*t - 5*d. What are the prime factors of t?
2
Let j = 0 + 3. Let i = j - 1. List the prime factors of i.
2
Let q(k) = k - 1. Let f(v) = -v + 2. Let b(n) = -4*f(n) - 7*q(n). Let t be ((-10)/15)/(2/6). What are the prime factors of b(t)?
5
Let a be (-1 - (-2 - 0))*-1. List the prime factors of (a + 9)/(1/2).
2
Let r = -11 + 15. Suppose 77 = t - 15. Suppose -g - 2*h = -0*g - 26, t = r*g + 5*h. What are the prime factors of g?
2, 3
Let d(u) = -5*u - 18. List the prime factors of d(-5).
7
List the prime factors of ((-147)/(-4))/(9*(-5)/(-120)).
2, 7
Let g(f) = -f**3 + 3*f**2 + f. Let j be g(3). Suppose 2*y = -j*y + 45. List the prime factors of y.
3
Let s(f) = -f**3 + 13*f**2 - 10*f - 15. What are the prime factors of s(12)?
3
Let r be (-6)/4*8/(-6). What are the prime factors of r/(-2 + -4)*-9?
3
Suppose 2*a - 4*b = 30, -2*b = -2*a - 0*b + 26. What are the prime factors of a?
11
Let u(h) = h - 2. Let j be u(3). Let c = 11 - j. What are the prime factors of c?
2, 5
Suppose 5*j - m + 16 = -29, -j + m = 9. What are the prime factors of 2/(-1) - (j + 1)?
2, 3
Suppose -c - 618 = 3*n - 5*n, -n = 3*c - 316. What are the prime factors of n?
2, 5, 31
Let h(v) = -v**2 + 9*v. Let s be h(9). Suppose s = 3*m - 4*m + 1. Suppose -4*z = m - 21. What are the prime factors of z?
5
Let a = -4 - -4. Let g = 12 - a. List the prime factors of g.
2, 3
Let l be (69/(-9))/((-3)/27). Suppose 4*y - l = y. Suppose -3*o + y = -2*u, -5*o + 5*u + 9 = -26. What are the prime factors of o?
3
Suppose 0 = -4*w + 4 + 4. Suppose 0 = -u - 4*t - 5, 11 + 19 = 3*u - 3*t. Suppose -u = h - w*h. List the prime factors of h.
7
Suppose 163 = y + w - 5*w, 5*w - 163 = -y. What are the prime factors of y?
163
Let s = -30 + 52. What are the prime factors of s?
2, 11
Let u = -86 + 508. List the prime factors of u.
2, 211
Suppose 9*s - 192 = s. What are the prime factors of s?
2, 3
Let f(k) = -4 + 1 - 7 + 3 + k. Let t be f(6). Let d(c) = -5*c + 1. What are the prime factors of d(t)?
2, 3
Let i = 70 + -37. What are the prime factors of i?
3, 11
List the prime factors of 9/18 + 118/4.
2, 3, 5
Let w(s) = -12*s + 1. List the prime factors of w(-2).
5
Suppose -4*j + 5*b + 28 = 0, 0*j - 2*b = 3*j + 2. What are the prime factors of -1*(1 - j) - -6?
7
Suppose -8*m + 35 = -3*m. Let d = m - 5. Suppose q = 2*v + 3, 4*q + d = 3*v + 14. What are the prime factors of q?
3
Let f(t) = -t**2 + 7*t - 3. Let u be f(5). What are the prime factors of 3/u - 276/(-42)?
7
Suppose -5*g = -0*g - 515. List the prime factors of g.
103
Let a be 3/(-5) - (-3)/5. Suppose -2*d - 1 = 5, a = 3*u - d - 48. What are the prime factors of u?
3, 5
Suppose -2*z + 3*j - 6 = 2*j, 2*j - 16 = 5*z. Let x be (-110)/(-8) - z/16. Suppose -x - 34 = -4*q. List the prime factors of q.
2, 3
Suppose 0 = 3*i + i, 5*p + 4*i = 0. Suppose -3*f + 3 = -p. Let v = f + 11. What are the prime factors of v?
2, 3
Let h(g) be the third derivative of -5*g**4/6 + g**3/6 + 28*g**2. Let i(r) = r**2 + 2*r - 4. Let a be i(-3). List the prime factors of h(a).
3, 7
Let v = 90 + -46. List the prime factors of v.
2, 11
Suppose 0 = -3*t + b + 67, 2*b - 29 = -t + 4*b. Suppose r - 4*x = 15, -2*x = -2*r - 3*x + t. List the prime factors of r.
11
Let o(g) = g**3 - 5*g**2 + 5*g - 5. Let r be o(4). List the prime factors of -5*(-1 + r/(-5)).
2
Let z = -64 + 107. List the prime factors of z.
43
Suppose -w + 118 = 4*w + 2*g, -4*g = -w + 6. What are the prime factors of w?
2, 11
Suppose -2*f = -93 + 9. List the prime factors of f.
2, 3, 7
What are the prime factors of (2 + (-26)/8)/((-3)/120)?
2, 5
Suppose -2*x + 798 = 5*q - x, 0 = -4*q - x + 639. What are the prime factors of q?
3, 53
Let m(r) = 8*r - 8. What are the prime factors of m(3)?
2
Let h = 14 - 9. Let u be (-385)/(-15) + 2/(-3). Suppose -75 = -h*w - u. List the prime factors of w.
2, 5
Suppose 2*n - 4*n + 43 = -5*l, -3*n - 2*l + 36 = 0. What are the prime factors of n?
2, 7
Let g = 65 + -38. List the prime factors of g.
3
Suppose 2*t + 1 = t - d, -4*t - d = -11. Let k = 1 + t. List the prime factors of k.
5
Suppose 4*a - 2*c = 9*a - 1186, 0 = 5*a + 5*c - 1180. What are the prime factors of a?
2, 7, 17
Suppose 6*a - 44 = -2. What are the prime factors of a?
7
Let p(d) = -d**3 + 2*d**2 + 4. Let t be p(3). Let v = t + 19. List the prime factors of v.
2, 7
Let f be (-21)/(-6) - (-1)/(-2). List the prime factors of (5 - f)/((-10)/(-185)).
37
Suppose -2*m = 2*m + x - 15, -3*x + 15 = 2*m. Let z = m - 3. Suppose z = -v + 4*c - 12, 3*v = -c + 2*c + 8. What are the prime factors of v?
2
Suppose -4*o - 4 = -5*o. Suppose -j + 25 = o*j. Suppose 10 = -5*s + j*m, m + 22 = 5*s + 4*m. What are the prime factors of s?
2
Let a(l) = 2*l**2 - 9*l - 8. Let z(d) = d**2 - 5*d - 4. Let u(n) = 3*a(n) - 5*z(n). What are the prime factors of u(-6)?
2, 11
Suppose -10 = -c - 4*c. Suppose 96 = c*g + 2*g. What are the prime factors of g?
2, 3
What are the prime factors of -10*82/(-8) + 3/(-6)?
2, 3, 17
Suppose -5*o - 4*h - 1 = 0, 2*h + 3*h - 9 = 4*o. List the prime factors of -15*(o + (0 - 0)).
3, 5
Let b = -52 + 76. What are the prime factors of b?
2, 3
Let w = -62 + 202. What are the prime factors of w/(-42)*(-6)/4?
5
Suppose -2*x - 8 = 0, 5*f = -2*x - 1 + 3. Let k be 2/16*4*0. Suppose k = f*v - 4*s - 20, 3*v - 4 -